y**m - 49. Determine k(-4).
-2
Let p(y) = 4*y**2 - 15*y - 9. Suppose 37*t - 220 = -72. Calculate p(t).
-5
Let v(y) = 6*y**2 - y - 1. Let t(g) = -5*g**2 + 1. Let s(h) = -5*t(h) - 4*v(h). Let j be (-39)/(-3 - 10)*1/(-1). Determine s(j).
-4
Let f(o) = -o**3 - o**2 + 2. Suppose -4*c = 5*q + 16, -q - 4*q = -c + 21. Let t(u) = 1. Let a(y) = -y + 1. Let n(h) = q*t(h) - a(h). Let z be n(7). Give f(z).
-10
Let k be (40/(-10))/(-2 + 0). Let f(j) be the third derivative of 11/6*j**3 + 4*j**k + 0*j - 1/24*j**4 + 0. What is f(5)?
6
Let s(p) = 2*p + 30. Let x(m) = -2. Let f(r) = s(r) + 2*x(r). What is f(-6)?
14
Suppose 3*k - 2 = -c - 0*k, 4*c - 2*k - 22 = 0. Suppose c*g - 2*g = 18. Let z(o) = -46*o**2 - 6*o - 246 + 47*o**2 + 488 - 244. What is z(g)?
-2
Let n(a) = -a**3 + 3*a**2 + 4*a + 3. Let f(g) = g**3 + g**2 + 4*g + 10. Let j be f(-2). Give n(j).
15
Suppose 39*z - 66 - 363 = 0. Let w(c) = c**3 - 10*c**2 - 12*c + 4. Calculate w(z).
-7
Suppose -i - 3*v + 3 = -13, 0 = -2*v + 10. Let q(h) = -2*h**2 + 2 - 2 + 2*h - 1. Calculate q(i).
-1
Let o = -66 + 66. Let h(q) = 2 + o - q**2 - q - 2 - 1. Suppose -g - 2 + 1 = 0. Give h(g).
-1
Let m = -11 - -9. Let w(v) = -v**3 + v**2 + 2*v + 6. Let u(r) = r**3 - r**2 - 2*r - 7. Let j(f) = -5*u(f) - 6*w(f). Give j(m).
-9
Let c(u) = -3 + 2*u - u + 1. Let g = 44 + -44. Suppose 4*i - 3*r + 11 = g, 0*r = 3*i - r + 12. Give c(i).
-7
Let n(u) be the third derivative of -u**3 + 8*u**2 + 1/24*u**4 + 0*u - 1/60*u**5 + 0. Give n(0).
-6
Let f(y) = 2*y**2 - 2*y - 7. Let k be f(3). Suppose -g - k = -0*g. Let u(n) = -n**3 - 4*n**2 + 4*n - 1. Give u(g).
4
Suppose 16*k - 2*y - 35 = 19*k, -2*k - 20 = 3*y. Let d(o) = -o - 4. Give d(k).
9
Let t(s) = -6*s**3 + 2*s**3 + 0 - 5*s**2 + 3 + 3*s**3 - 4*s - 2. Suppose -3*w + 6*w = -9. Calculate t(w).
-5
Suppose i = 2*h + 4, 3*h + 4*i - 4 - 12 = 0. Let j(r) = -2*r - 2. Give j(h).
-2
Let r(m) = -5 + m**2 - 28*m - 33*m + 52*m - 7 + 5. What is r(9)?
-7
Let u be -9*((-12)/27 - (-4)/(-18)). Let m(f) = 0*f + f**2 - 5 + f - 6*f. Calculate m(u).
1
Let d = 142 - 141. Let j(v) be the first derivative of 1/4*v**4 + 2/3*v**3 + 0*v - 2*v**2 - d. What is j(-3)?
3
Let u(l) be the second derivative of -l**3/3 + 2*l**2 + 86*l. Calculate u(-7).
18
Let x(r) be the first derivative of r**2/2 + 7*r + 1. Let k be -14 + 4/(-7) + 672/147. Determine x(k).
-3
Let a(g) be the second derivative of -g**5/10 - g**4/12 - g**3/6 + g**2/2 - g. Let z be ((-676)/39 + 17)*-3. Determine a(z).
-3
Let a(h) be the first derivative of h**2 - 2*h + 25. Suppose 5*q = -3*o + 4, 0 = -3*o + 7*o + 4*q - 16. What is a(o)?
14
Let v(a) = 6*a - 13. Suppose -2*x - 12 = -4*x. Let i be v(x). Suppose 0 = -4*w - 2*m + 12, -3*w = -5*m - 6 + i. Let o(z) = 3*z**2 + 1. Determine o(w).
4
Suppose -5*l = 17*q - 20*q + 14, -8 = 2*l. Let k(x) = x**3 + 4*x**2 + 5*x + 4. What is k(q)?
2
Let s(h) be the third derivative of h**6/120 - h**5/15 - h**4/12 - 5*h**3/6 + 4*h**2. Give s(4).
-13
Suppose -27 = -4*d - 11. Suppose -19 - 1 = -d*m. Let q(p) = p**2 - 2*p - 3. Determine q(m).
12
Let x(m) be the first derivative of 3*m + 1/2*m**2 - 1/4*m**4 - 9 + 4/3*m**3. Let o(c) = 2*c - 4. Let j be o(4). What is x(j)?
7
Suppose -3 = 5*z + 3*n, -n - 4 = 4*z + 4. Let i(c) = c**3 + 4*c**2 + c + 3. Calculate i(z).
9
Let b(x) = x**2 - 5*x - 4. Let l be 21/49 - 2/(42/(-117)). Determine b(l).
2
Let n(v) = v**2 - 5*v - 2. Let z(x) = -6*x**3 + 5*x**2 - 5*x + 1. Let q be z(2). Let k = 42 + q. Calculate n(k).
-2
Let l(g) = g**2 - 2*g - 5. Let t = 13 + -6. Suppose t*x - 31 = -3. What is l(x)?
3
Let t(n) = n**3 - 5*n**2 - 4*n - 7. Let q(g) = g**2 + 2*g + 3. Let k be q(-3). Let c(d) = -42164*d + 11 + 42162*d + 7. Let s be c(k). What is t(s)?
5
Let x(s) = -16*s - 4. Let a be x(3). Let c be (-1)/3 - a/12. Let j(n) = -n**3 - 7*n**2 + 8*n**2 + 4*n**2 - 2 - 2*n. Give j(c).
6
Suppose -5*l + 20 = 3*h + 2*h, -5*l = -3*h - 4. Let o(p) = -2*p**2 + 0*p**l - 3*p**2 - 4*p**2 + p. Determine o(-1).
-10
Let o(f) = -5*f - f**2 + 1 - 12 - 4*f + 5. Let u be o(-8). Suppose x - 3*x = u*v + 2, -4*x = -v + 24. Let a(r) = r**3 + 4*r**2 - r + 3. Calculate a(x).
-17
Let t(z) = 2*z**2 - 453*z**3 - 7*z**2 - 2*z + 1 + 452*z**3. Suppose -y - c = 3*y + 17, 2*y + 4*c = -26. Give t(y).
-11
Let z(b) = 5*b - 4. Let t(x) = -6*x**3 + 2*x**2 + 2*x + 1. Let s be t(-1). Let p(y) = 3 + 0 - y + 3*y - 5. Let f(h) = s*p(h) - 3*z(h). What is f(-6)?
4
Let w(r) be the second derivative of r**6/720 + 7*r**5/120 - r**4/2 + 3*r. Let u(c) be the third derivative of w(c). Determine u(-4).
3
Let x(v) = v + 4*v**2 + 12*v + 5 - 2*v. Let k(z) = -9*z**2 - 23*z - 11. Let g(o) = -3*k(o) - 7*x(o). What is g(-7)?
5
Let s(z) = 4*z - 6. Let u = 92 + -74. Let a(o) = o**3 - 18*o**2 + 5. Let g be a(u). What is s(g)?
14
Let c(o) = -9*o - 3. Let w(l) = 38 + 2*l - 39 - 5*l. Let j(r) = -6*c(r) + 17*w(r). Suppose -2*g = -5*n - 25, -2*n + n - g - 5 = 0. What is j(n)?
-14
Let k(s) = -3*s. Let v(a) = -a. Let z(t) = 4*t. Let o(u) = 3*v(u) + z(u). Let f(x) = 4*k(x) + 10*o(x). Let c(r) = r. Let j be c(2). Give f(j).
-4
Let l be ((-70)/15 - -3)*36/(-10). Let f(w) = -3*w + 8*w + 4 - l*w + 2*w. Calculate f(-6).
-2
Let k(b) = 3*b**2 - 9*b + 13. Let n(r) = 2*r**2 - 9*r + 12. Let x(m) = 3*k(m) - 4*n(m). Determine x(-11).
13
Let z(o) = -14*o**3 - 13*o**2 - 21*o + 11. Let k(m) = 5*m**3 + 4*m**2 + 7*m - 4. Let t(s) = -11*k(s) - 4*z(s). What is t(-7)?
0
Let d be -3 + -3*7/(-3). Let v(m) be the third derivative of -5/6*m**3 - 1/24*m**4 + 0 + m**2 + 0*m + 1/60*m**5. Calculate v(d).
7
Suppose -3*s - 52 = s. Let z = -8 - s. Let q(k) = 3*k + 3*k - z*k + k + k**2. Calculate q(2).
8
Let r = 51 - 3. Suppose 3*a + r = 5*a. Let m(d) = 18 - a - d - 2*d. Determine m(-4).
6
Let j = -288 + 273. Let v(a) = a**2 + 17*a + 27. Calculate v(j).
-3
Let u(o) = -3*o**3 - 5*o**2 - 4*o - 5. Let n(a) = 10*a**3 + 15*a**2 + 12*a + 15. Let m(b) = 2*n(b) + 7*u(b). Suppose 0 = 5*w - 2*w + 12. What is m(w)?
-5
Let k(q) = -8*q - 3. Let d be k(-1). Suppose -3*v = -d*v + 6. Let r(y) = -107*y - 2 + 112*y + v. Determine r(-1).
-4
Let w(k) = -k**3 - k**2 + 6*k + 5. Suppose 41*v - 47*v = 18. What is w(v)?
5
Let y(s) = -2*s**3 - s - 1. Let m(i) = -3*i**3 - i - 4. Let c(j) = m(j) - 2*y(j). Give c(1).
0
Let h(t) be the first derivative of t**4/2 - 19*t**3/3 - 7*t**2/2 - 13*t + 37. Let l(y) = y**3 - 9*y**2 - 3*y - 6. Let g(f) = -6*h(f) + 13*l(f). Give g(2).
2
Let d(h) = h**2 - 14*h - 18. Let n = 74 + -59. What is d(n)?
-3
Let y be (-16)/6 - (4 + 42/(-9)). Let i(l) be the second derivative of -l**4/4 - l**3/2 - l**2/2 + 22*l. Calculate i(y).
-7
Let g(z) be the first derivative of -z**3/3 + 11*z**2/2 - 6*z - 21. Give g(4).
22
Let h(t) = -2*t. Let d(p) = -18*p + 1. Let m(j) = d(j) - 6*h(j). Calculate m(2).
-11
Let d = -864 - -867. Let t(l) = 7*l - 31. Calculate t(d).
-10
Let v(y) = 2*y + 40 - 121 - y**2 + 14*y + 55 + 2*y**2. Determine v(-17).
-9
Let v(k) be the first derivative of k**3/3 - 7*k**2/2 + k - 26. Calculate v(5).
-9
Let u(c) = 2*c + c**2 - 27 - 35 + 94 - 36. What is u(-5)?
11
Let v(q) be the second derivative of 1/2*q**2 - 1/12*q**4 + 0 - 1/20*q**5 + 1/3*q**3 - 3*q. Let r be 2 - (2/2 - 1). Calculate v(r).
-7
Let p(l) = 14*l**2 - 5*l**2 + 4*l**2. Let f = -269 + 270. What is p(f)?
13
Let f(a) = -2*a**3 + 9*a**2 - 2*a - 10. Let n(l) = -l**3 + 8*l**2 - 2*l - 9. Let r(t) = -2*f(t) + 3*n(t). Let w be -21*(-10)/(-36) - (-1)/(-6). Calculate r(w).
5
Let p(s) = 2*s**2 - 6 - 5*s**3 + 0*s**3 + 4*s**3 + 10*s + 17 - 9*s**2. Give p(-8).
-5
Let p(j) be the first derivative of 2*j**3/3 - 7*j**2/2 + 7*j + 152. Give p(4).
11
Let y = -42 - -35. Let s(a) be the second derivative of a**5/20 + 2*a**4/3 + 4*a**3/3 + 5*a**2 + 57*a. Calculate s(y).
3
Suppose 6*i = 10*i + 24. Let b(d) = -d**3 - 3*d**2 - 4*d + 9. Let l(h) = h**3 + 4*h**2 + 4*h - 10. Let w(r) = i*l(r) - 7*b(r). What is w(2)?
1
Let r(i) = 2*i**3 - 9*i**2 + 9*i - 11. Let v(x) = -x**3 + 4*x**2 - 4*x + 5. Let k(h) = -2*r(h) - 5*v(h). Let n be (4 - 0)*(-5)/4. Let t = n + 7. Calculate k(t).
1
Suppose 168 = 5*f + 3*o, 31 = 2*f - o - 34. Let n = f + -34. Let z(s) = 6*s**3 + s + 1. Determine z(n).
-6
Let b(v) = 2*v - 1. Suppose 32*t = 18*t - 70. Calculate b(t).
-11
Let m(w) be the third derivative of w**7/2520 - w**6/720 + w**5/20 + 17*w**4/24 + 2*w**2. Let f(c) be the second deriv